Is 31117657 prime?
True
Is 4677607 a prime number?
False
Is 129187 prime?
True
Is 603943 a prime number?
False
Is 418397 a composite number?
True
Is 10901071 a prime number?
False
Is 1199659 a prime number?
True
Is 66869486 prime?
False
Is 2717327 a prime number?
True
Is 114588467 composite?
True
Is 147661 composite?
False
Is 382446559 composite?
True
Is 204014851 prime?
False
Is 37837273 composite?
True
Is 146179999 composite?
True
Is 11934791 prime?
False
Is 12153161 composite?
False
Is 280889687 a prime number?
False
Is 904159 a prime number?
False
Is 1074167 a prime number?
True
Is 85664641 prime?
False
Is 193992427 a prime number?
True
Is 5608994 a composite number?
True
Is 9265793 a composite number?
True
Is 1173173 a prime number?
True
Is 14661142 a composite number?
True
Is 204276187 a prime number?
False
Is 24214439 a composite number?
False
Is 347350247 composite?
True
Is 68474783 a composite number?
True
Is 973383155 prime?
False
Is 11588143 prime?
False
Is 6568183 prime?
True
Is 2328211 a composite number?
False
Is 69128291 a composite number?
False
Is 624191 a prime number?
True
Is 1203707 prime?
False
Is 3537447 prime?
False
Is 391847 a composite number?
False
Is 393387 prime?
False
Is 660727 a composite number?
False
Is 289707053 a prime number?
True
Is 3053481 a composite number?
True
Is 14949257 a prime number?
False
Is 281227 a prime number?
True
Is 6643774 composite?
True
Is 2166499 prime?
False
Is 8827873 composite?
True
Is 14759933 prime?
True
Is 82056727 prime?
True
Is 26586179 composite?
True
Is 11674853 a prime number?
True
Is 4655293 a composite number?
True
Is 451159 composite?
False
Is 6668983 prime?
False
Is 1927499 a prime number?
False
Is 71683693 prime?
False
Is 86399629 composite?
False
Is 42531629 prime?
False
Is 19327247 composite?
False
Is 88411 composite?
False
Is 491047 a prime number?
False
Is 1199813 a composite number?
False
Is 1356319 a composite number?
False
Is 1601489 a composite number?
False
Is 20751607 composite?
False
Is 58922763 prime?
False
Is 795108949 a prime number?
True
Is 17905057 prime?
True
Is 30311549 composite?
False
Is 531277 a composite number?
True
Is 19765517 prime?
True
Is 517477531 a composite number?
True
Is 4974967 prime?
False
Is 20993779 prime?
False
Is 821851 a composite number?
False
Is 9877405 composite?
True
Is 233067583 a composite number?
True
Is 10625561 prime?
False
Is 25569451 composite?
True
Is 769302377 prime?
False
Is 2132197 a composite number?
True
Is 14148919 composite?
False
Is 18354343 composite?
True
Is 6475829 prime?
True
Is 1815662 composite?
True
Is 17079143 composite?
True
Is 58000661 prime?
False
Is 402734315 prime?
False
Is 449557201 prime?
True
Is 203308957 prime?
True
Is 14436131 a prime number?
True
Is 125433221 a prime number?
True
Is 8154469 a prime number?
True
Is 21360191 a composite number?
False
Is 168277 prime?
True
Is 2328581 a prime number?
False
Is 164916043 prime?
True
Is 9518403 a prime number?
False
Is 8198147 a prime number?
True
Is 7425079 a prime number?
False
Is 626377 a composite number?
False
Is 8855401 a composite number?
False
Is 6617081 composite?
True
Is 8662279 a prime number?
True
Is 8143337 composite?
False
Is 345176257 a prime number?
True
Is 38376001 a prime number?
True
Is 242678407 composite?
False
Is 1982983 a prime number?
False
Is 19710673 composite?
True
Is 3744563 a composite number?
True
Is 12097991 composite?
False
Is 59517317 a composite number?
True
Is 3831599 a composite number?
False
Is 28294663 prime?
False
Is 11463841 prime?
False
Is 15484897 a prime number?
False
Is 20242751 a prime number?
True
Is 112097651 composite?
False
Is 45702043 composite?
False
Is 57689 a prime number?
True
Is 1735159 composite?
False
Is 44990159 prime?
False
Is 2572741 a prime number?
True
Is 12031891 a prime number?
True
Is 41887793 prime?
True
Is 7251191 prime?
False
Is 482257 prime?
False
Is 51393223 a prime number?
False
Is 23912607 a composite number?
True
Is 16102753 a composite number?
False
Is 18292297 a composite number?
True
Is 14570993 composite?
True
Is 1491163 a prime number?
False
Is 4484783 a prime number?
False
Is 364706 composite?
True
Is 28043777 prime?
True
Is 244692967 a composite number?
False
Is 349143 a composite number?
True
Is 4001677 a composite number?
True
Is 3780093 a composite number?
True
Is 6816686 a composite number?
True
Is 23227433 a composite number?
False
Is 294391 a prime number?
True
Is 126001 a prime number?
True
Is 44162629 composite?
True
Is 131442041 a prime number?
True
Is 143453873 a composite number?
True
Is 284880689 prime?
True
Is 155960671 a composite number?
False
Is 13676899 a composite number?
False
Is 1157669189 composite?
True
Is 164064997 prime?
True
Is 28297333 prime?
False
Is 7317781 a composite number?
False
Is 27689491 a composite number?
False
Is 343605061 composite?
False
Is 245621006 a composite number?
True
Is 50583241 composite?
True
Is 947527247 a composite number?
False
Is 28604011 composite?
False
Is 76396813 composite?
False
Is 240083139 a prime number?
False
Is 5314951 prime?
True
Is 2092589 prime?
True
Is 12501451 prime?
False
Is 4829273 composite?
True
Is 189237421 prime?
False
Is 1308113 composite?
True
Is 134104589 a composite number?
True
Is 1210704955 prime?
False
Is 193300607 composite?
False
Is 241415173 composite?
False
Is 15163397 a composite number?
False
Is 2691581 a composite number?
False
Is 91128497 composite?
True
Is 36802189 a composite number?
True
Is 1041731 composite?
False
Is 22287821 prime?
True
Is 21021043 composite?
False
Is 121366627 a prime number?
True
Is 109324471 a composite number?
False
Is 20778253 a composite number?
False
Is 6917447 a composite number?
True
Is 8794523 composite?
False
Is 173665915 composite?
True
Is 12930695 a composite number?
True
Is 11610097 a prime number?
True
Is 2360689 prime?
False
Is 217968601 prime?
True
Is 2442654587 a prime number?
True
Is 105025699 prime?
False
Is 143546815 prime?
False
Is 29224613 composite?
True
Is 22203043 composite?
False
Is 1020109 a prime number?
True
Is 20392577 composite?
False
Is 19747183 a prime number?
False
Is 181387 a prime number?
True
Is 92151637 prime?
True
Is 60368461 prime?
True
Is 23357063 composite?
True
Is 74339585 prime?
False
Is 6606521 composite?
False
Is 3659683 a prime number?
True
Is 2162929 a composite number?
False
Is 839860607 prime?
True
Is 4239971 composite?
False
Is 26396819 composite?
False
Is 97922974 prime?
False
Is 25585429 a prime number?
False
Is 3055687 a composite number?
False
Is 1065433 prime?
True
Is 27009691 prime?
True
Is 196403 a composite number?
True
Is 122533657 a composite number?
False
Is 63248593 prime?
False
Is 1189871 a prime number?
True
Is 2835841 a prime number?
True
Is 22535489 a composite number?
True
Is 1269953 prime?
True
Is 10229743 a prime number?
False
Is 26908757 composite?
False
Is 84127341 prime?
False
Is 54497117 a prime number?
True
Is 25240249 a composite number?
True
Is 66732901 prime?
False
Is 12879847 prime?
False
Is 14781281 composite?
True
Is 264226487 composite?
True
Is 44009 composite?
True
Is 378622655 a composite number?
True
Is 18142051 composite?
False
Is 1405241 a composite number?
False
Is 541456141 composite?
False
Is 306239 composite?
False
Is 19611763 a composite number?
False
Is 1757521 prime?
True
Is 44683471 a composite number?
True
Is 411977 composite?
True
Is 49891 a prime number?
True
Is 54261913 prime?
True
Is 1672301 a prime number?
True
Is 20744843 a prime number?
False
Is 86710009 prime?
False
Is 348471727 prime?
True
Is 10525439 composite?
True
Is 387953 a composite number?
False
Is 160400249 prime?
True
Is 105467893 a prime number?
False
Is 1163609 composite?
False
Is 141132401 a composite number?
True
Is 388842261 a composite number?
True
Is 30836219 prime?
True
Is 12064777 a prime number?
True
Is 50705749 composite?
True
Is 6254393 composite?
True
Is 63001997 a composite number?
False
Is 56375801 a composite number?
False
Is 2903189 a composite number?
True
Is 17383097 prime?
False
Is 9503453 a prime number?
False
Is 13832947 a prime number?
False
Is 63100601 a prime number?
True
Is 3738487 prime?
False
Is 107232649 a prime number?
False
Is 17524201 composite?
False
Is 1205027 pri